. What is t(y)?
1
Suppose -15*d + 8 = -17*d. Let a(y) = 2 + 1 - 2*y + 1. Give a(d).
12
Let i(z) = z + 3. Let f = 2 - 6. Let n be (f + 2 - -3)*-6. What is i(n)?
-3
Let s = -32 + 47. Suppose -r - s = -6*r. Let l(y) = -2*y**r + 0 - y + y**3 + 2. Give l(0).
2
Let x(c) = -c**2 + 4*c - 3. Suppose -2*q - 2*g - 2*g = -146, 2*g - 227 = -3*q. Let o be 42/11 - (-14)/q. Suppose 7*s - 6 = o*s. Calculate x(s).
1
Let u(l) = -l**3 - 3*l**2 - l + 10. Let r(m) = -m**2 - m - 1. Let a(d) = 4*r(d) + u(d). Calculate a(-6).
0
Let n(s) be the first derivative of s**3/3 - s**2 - s + 49. Suppose -v - 6 - 6 = 2*a, -5*v + 15 = -5*a. Give n(v).
7
Suppose -5*z = -6*o + 4*o + 36, -32 = 5*z - 4*o. Let y(t) = -t**3 - 9*t**2 - 6*t + 3. What is y(z)?
-13
Let j(k) = -k**3 + 4*k**2 + 3*k + 5. Suppose -6*r = -4*r - 8. Suppose r*a = 9*a - 25. Determine j(a).
-5
Let p be 136/32 + (-4 - 0). Let g(u) be the first derivative of -3*u - p*u**4 - 1 - 4/3*u**3 - 1/2*u**2. Calculate g(-4).
1
Suppose 2*i - 26 = -4*k, -1 - 9 = -5*k + 5*i. Suppose -k + 0 = -5*n. Let g = n - 0. Let y(v) = -11*v**3 + v**2 - v + 1. Determine y(g).
-10
Let i(m) = -3*m**2 + m + 1. Let g be 26/91 - 9/7. What is i(g)?
-3
Let j be (1 - 0) + (4 - 0). Let a(y) = -7 - 12*y + 7*y + 3 + y**2. Let f be a(j). Let c(u) = -u**3 - 3*u**2 + u - 1. What is c(f)?
11
Let q(x) = -7*x + 8. Let l(z) = -z + 1. Let d(o) = -5*l(o) + q(o). Suppose 4*t - 2*i = -3 - 61, 3*i = 3*t + 54. Let p = -11 - t. Calculate d(p).
-3
Let c(o) = -9*o - 1. Suppose -16*z = -18*z - 4. Determine c(z).
17
Suppose -3*t - 4 = 5. Let m(q) = 2*q**2 - 6*q - 4. Let y(l) = l**2 - l - 1. Let i(c) = t*y(c) + m(c). What is i(-4)?
-5
Let d(i) be the second derivative of 1/2*i**4 - 1/2*i**3 + 0 - 1/20*i**5 + i - 1/2*i**2. Determine d(5).
9
Let a(l) be the third derivative of -l**6/120 - l**5/10 - 5*l**4/24 - l**3/6 - 7*l**2. Give a(-5).
-1
Let h be ((-24)/(-16))/((-2)/4). Let t(f) = -2*f + 4. Determine t(h).
10
Let n be (-4)/6 + (-153)/(-27). Let k(f) = n + 2*f - 4*f + 3*f. What is k(-7)?
-2
Suppose 2*v + 4 = 3*o, -o = 2*o. Let a(y) = y**2 + 2. Let s be a(v). Let b(u) = -u + 6. Calculate b(s).
0
Let t = -3 + 0. Let u be (2 + t)*(-12)/4. Let c(w) = 4*w**2 + 6*w + 1. Let b(m) = -5*m**2 - 7*m - 1. Let s(x) = 5*b(x) + 6*c(x). Calculate s(u).
-5
Suppose 0*v + v = 0. Let s(c) = 2*c + 2*c**2 - c**2 + 4 - 3 + 3*c**2. Let o(l) = 5*l**2 + 3*l + 1. Let f(j) = 3*o(j) - 4*s(j). Calculate f(v).
-1
Let s = 8 + -5. Let n = -1 - s. Let b(d) = d - 4. What is b(n)?
-8
Suppose h = -3*h - 4. Let x = h - -2. Let z(w) = 0 - 4*w + 6 - x + w. Determine z(4).
-7
Let a(u) = -8*u + 1. Let o be 2/4*(-28)/(-2). Let v(p) = -p**3 + 6*p**2 + 9*p - 13. Let w be v(o). What is a(w)?
-7
Suppose -30 = 3*i - 6. Let n = 8 - -4. Let d = n + i. Let b(q) = -q - 1. What is b(d)?
-5
Suppose -3*y + 3*h = 9, 3*y + 3*h - 21 = -0*y. Let n = y - 2. Let c(v) = 0*v**2 - 4 + 7 + 2*v**2 - v**2 + v. Determine c(n).
3
Let j be ((-44)/16 - -3)*0. Let v(x) = x**2 + x + 1. Determine v(j).
1
Let w(l) = -5*l**2 + 1. Let r(j) = 9*j**2 + j - 1. Let c(z) = 4*r(z) + 7*w(z). Let p be (12/10)/(3/10). Let f be (6/p)/((-3)/4). What is c(f)?
-1
Let l(x) = 3*x - 4. Let r(z) = 2*z + 44. Let o be r(-19). Determine l(o).
14
Let k(s) be the second derivative of s**2 - 1/3*s**3 - 1/12*s**4 - 2*s + 0. Let f(q) be the first derivative of k(q). Determine f(-2).
2
Let c(v) = 5*v. Let i(t) = t + 5. Suppose -m + 25 = -2*r - 3*r, 2*m = 4*r + 14. Let w be i(r). Give c(w).
-5
Let j(o) = 2*o**3 + 2*o**2 + 1. Let x(b) = -3*b**3 - 4*b**2 - b - 3. Let t(q) = 5*j(q) + 3*x(q). What is t(3)?
-4
Suppose 0 = m - 2 + 4. Let y(g) = -3 + 3*g - 2*g**2 + g - 6*g. Give y(m).
-7
Let h be 3/(-9)*(-60)/5. Let a(j) = 6*j**3 + 4*j**2 - 7*j**3 + 1 - 4*j + 6*j. Calculate a(h).
9
Suppose 4*q = 3*q - y + 1, -5*q - 35 = -5*y. Let w(m) be the third derivative of m**5/30 + m**4/6 + m**3/2 - 2*m**2. What is w(q)?
9
Let t(p) be the third derivative of 0*p - 1/60*p**5 + 0 + 1/12*p**4 + p**2 - 1/2*p**3. Suppose 2*r = 4*l + 2, 2*l + 5*r + 3 = 32. What is t(l)?
-3
Let p(i) = i**3 + 3*i**2 + 1. Let k be p(-3). Let u(z) = -k - z - 2*z**2 + 2 + 3 + 3*z**2 + z**3. Calculate u(-3).
-11
Let z(u) be the first derivative of -u**6/360 - u**5/15 - 5*u**4/24 + 4*u**3/3 - 4. Let k(j) be the third derivative of z(j). Determine k(-6).
7
Let f(y) be the first derivative of y**4/4 - 5*y**3/3 + 3*y - 22. Let t = -2 + 3. Let c be (t/2)/((-1)/(-10)). Calculate f(c).
3
Let k(u) = -u**2 - 7*u + 2. Let g be k(-7). Let y(b) = -g*b**2 - b**3 + b**2 + b + 3 - 3*b**2 + 0*b**2. What is y(-3)?
-9
Let p = 21 - 13. Let c be (10/8)/(2/p). Let z(v) = 2*v - 3. Calculate z(c).
7
Suppose 9 - 10 = -r. Let l(h) = -6*h + 1. Calculate l(r).
-5
Let v = -6 + 5. Suppose 8 = -l + 5*l. Let u = l + v. Let f(x) = 6*x**3 - x. Give f(u).
5
Let i(p) = -17 + 3*p - 11 + 31. Calculate i(-2).
-3
Let g(f) = 2*f - 2. Let t(l) be the first derivative of l**3/3 + 5*l**2/2 + 2*l - 1. Let w be t(-4). Let s be (1 + w)*(4 + -2). Calculate g(s).
-6
Let i(h) = 3*h**2 + 2*h - 2. Suppose 35*l = 40*l - 10. What is i(l)?
14
Suppose 5*l - 35 = -0*l. Let a = l - 5. Let n(q) = -4 - a - q + 3*q. Determine n(4).
2
Let o be (-1)/6*(-15 - -14). Let t(u) be the third derivative of 0*u**4 - o*u**3 + 0*u + 3/40*u**6 + 0*u**5 + 0 + 3*u**2. Determine t(-1).
-10
Let k(y) = 34*y - 10*y - 10*y - 15*y. What is k(-3)?
3
Let w(d) = -4*d - 7. Let a be w(-7). Let m(n) = -a*n**2 - n**3 - 1 + 4 + 17*n**2 + 2*n. Give m(-4).
-5
Let s be (-1 - 0)/(4 - (6 - 3)). Let f(m) = 3*m**2 - m - 1. Give f(s).
3
Let s(p) = p. Let d be s(3). Suppose 0 = -2*r + d + 5. Suppose -21 = -r*w + h - 0, 2*h + 12 = 2*w. Let o(z) = -z**3 + 4*z**2 + 6*z + 1. Give o(w).
6
Let t(l) = l**3 - 9*l**2 - 11*l + 12. Let q be t(10). Let v(y) = -4*y + q*y**3 + 5 - 5*y**2 - y**2 - 3*y**3. Give v(-5).
0
Let b(g) be the first derivative of g**2 - 3 - 1 - 24*g + 18*g. Give b(6).
6
Let d(q) = 4 - 2*q**2 + 1 + 3*q**2 + 8*q. Let f be d(-8). Suppose 4*g + f = -11. Let r(p) = -2*p - 3. Determine r(g).
5
Let h(f) = -7*f - 4 + 3*f**2 + 0*f - f**2. Let j(k) = -5*k**2 + 20*k + 11. Let v be (0 - (1 - 2)) + 7. Let o(x) = v*h(x) + 3*j(x). Determine o(-5).
6
Let p(q) be the third derivative of -1/720*q**6 + 0*q**3 + 1/12*q**4 - 2*q**2 - 7/120*q**5 + 0*q + 0. Let z(c) be the second derivative of p(c). What is z(-5)?
-2
Let v(y) = 2*y**2 + 8*y - 4. Let h(t) = 3*t**2 + 16*t - 8. Let q(m) = -3*h(m) + 5*v(m). Suppose 2*i = 3*j - 15, -3*i + 1 = -j - 1. What is q(j)?
-3
Let t(v) = 5 - 1 + 0 - 5 - 2*v. What is t(2)?
-5
Let q(t) = 16*t**3 - t**2 - t + 1. Let z be (1 - (-2 - -2))*(2 - 1). Calculate q(z).
15
Let l(h) = -h**2 + 6*h - 5. Let r(w) = -w**3 - w**2 - w + 6. Let s be r(0). Suppose m = 2*m - s. Give l(m).
-5
Let f(p) = -2*p + 1. Let x = 18 + 7. Suppose -4*v - 5 = -x. Determine f(v).
-9
Let c(t) = -4*t**2 + 9*t - 3. Let s(n) = -3*n**2 + 8*n - 3. Let b(v) = 2*c(v) - 3*s(v). Give b(4).
-5
Let u be (1 - (-2 - -2))*-1. Let o be ((-8)/(-24))/(u/15). Let a(c) = c**2 + 3*c - 7. What is a(o)?
3
Let v(o) = -2*o. Suppose -5*g = 5*u + 20, -3*g - 12 = -2*u - g. Let l be v(u). Let n(y) = -2*y**2 - 1. Calculate n(l).
-9
Let b(w) be the second derivative of w**3/3 + w**2/2 - w. Suppose -2*l + 4 = 2*n - l, -n - 4*l = -2. Suppose -2*x + 4 = n*x. Calculate b(x).
3
Let r(m) = -4*m + 2. Let f(h) = h**2 - 15*h + 16. Let v be f(14). Give r(v).
-6
Let w(p) = -7*p - 11. Let i(s) = -13*s - 21. Let y(h) = -6*i(h) + 11*w(h). Give y(0).
5
Let r(h) be the second derivative of h**3/3 - 3*h**2/2 + h. Give r(4).
5
Suppose 31*h - 27*h - 12 = 0. Let d(w) be the second derivative of 7/20*w**5 + 1/3*w**h + 1/2*w**2 - 2*w + 1/12*w**4 + 0. Calculate d(-1).
-7
Let r(z) = -z**2 + 5*z - 6. Suppose -21 = 2*f + 3*f + 2*g, 5*g = 10. Let a = f - -10. Let y be a*(3/(-3) + 2). What is r(y)?
-6
Let u(c) = 6*c + 2. Let j(z) = z. Let l(k) = 3*j(k) - u(k). Let s = -5 - -3. Give l(s).
4
Suppose 4*g - 2 = 5*g. Let q be (3 + 3/(-2))*g. Let c(m) = -m + 3. Calculate c(q).
6
Let c(j) = -19*j**3 - j**2 + 1. Let m be (-3)/(-2) - 10/20. Calculate c(m).
-19
Suppose 4*z = 3*z. Let w(a) = -4*a**3 + 2 + 4*a**3 - a**2 + a**3. Let o be w(z). Let r(x) = x - 1. Calculate r(o).
1
Suppose 2*t = 31 - 11. Let s(x) = -x**2 + 11*x - 8. What is s(t)?
2
Let q(g) = 4*g**3 + 5*g**2 + 6*g - 1. Let p(k) 